{"id":3,"date":"2024-03-11T18:10:39","date_gmt":"2024-03-11T18:10:39","guid":{"rendered":"https:\/\/www.die-sanierung.com\/diesanierung\/?page_id=3"},"modified":"2024-12-01T19:17:49","modified_gmt":"2024-12-01T18:17:49","slug":"datenschutz","status":"publish","type":"page","link":"https:\/\/www.die-sanierung.com\/diesanierung\/datenschutz\/","title":{"rendered":"Datenschutz"},"content":{"rendered":"<section class=\"l-section wpb_row height_large\"><div class=\"l-section-h i-cf\"><div class=\"g-cols vc_row via_grid cols_1 laptops-cols_inherit tablets-cols_inherit mobiles-cols_1 valign_top type_default stacking_default\"><div class=\"wpb_column vc_column_container\"><div class=\"vc_column-inner\"><h1 class=\"w-post-elm post_title align_left entry-title color_link_inherit\">Datenschutz<\/h1><div class=\"wpb_text_column\"><div class=\"wpb_wrapper\"><p><strong>Hinweis zur verantwortlichen Stelle:<\/strong><br \/>\n<span>Die verantwortliche Stelle fu\u0308r die Datenverarbeitung auf dieser Website ist:<\/span><br \/>\n<span>Dipl. Ing. (FH) EWE Christian Staub<\/span><br \/>\n<span>Chr. Staub Baugesellschaft mbH<\/span><br \/>\n<span>Emsweg 1<\/span><br \/>\n<span>49090 Osnabr\u00fcck (D)<\/span><br \/>\n<span>Tel.: 0541-580 589-0<\/span><br \/>\n<span>Fax.: 0541-580 589-110<br \/>\nE-Mail: <a href=\"mailto:info@die-sanierung.com\">info@die-sanierung.com<\/a><br \/>\n<\/span><\/p>\n<p><strong>Grundsatz:<\/strong><br \/>\nWir nehmen den Schutz Ihrer pers\u00f6nlichen Daten sehr ernst und behandeln Ihre personenbezogenen Daten vertraulich und entsprechend der europ\u00e4ischen und<br \/>\nbundesgesetzlichen Datenschutzvorschriften sowie dieser Datenschutzerkl\u00e4rung.<\/p>\n<p><strong>Erhebung von Daten:<\/strong><br \/>\nWir erheben und verarbeiten personenbezogene Daten nur, wenn diese f\u00fcr die Begr\u00fcndung und inhaltliche Ausgestaltung oder \u00c4nderung des Rechtsverh\u00e4ltnisses erforderlich sind (Bestandsdaten). Personenbezogene Daten \u00fcber die Inanspruchnahme unserer Internetseiten (Nutzungsdaten) erheben wir nur dann, wenn Sie unsere Kontaktaufnahmem\u00f6glichkeiten \u00fcber das Kontaktformular oder die Bewerbungs-Emailadresse nutzen. In diesem Fall erheben wir die daf\u00fcr erforderlichen Daten \u2013 vgl. Sie dazu bitte weiter unten.<\/p>\n<p><strong>Datenverarbeitung auf dieser Webseite:<\/strong><br \/>\nWir erheben und speichern automatisch Informationen in Log Files, die Ihr Browser automatisch an uns \u00fcbermittelt. Dies sind Browsertyp\/Browserversion, verwendetes Betriebssystem, Referrer URL und Uhrzeit der Serveranfrage. Diese Daten k\u00f6nnen nicht bestimmten Personen zugeordnet werden. Eine Zusammenf\u00fchrung dieser Daten mit anderen Datenquellen wird nicht vorgenommen.<\/p>\n<p><strong>Betroffenenrechte:<\/strong><br \/>\nJede betroffene Person hat das Recht auf Auskunft nach Art. 15 DSGVO, das Recht auf Berichtigung nach Art. 16 DSGVO, das Recht auf L\u00f6schung nach Art. 17 DSGVO, das Recht auf Einschr\u00e4nkung der Verarbeitung nach Art. 18 DSGVO, sowie das Recht auf Daten\u00fcbertragbarkeit nach Art. 20 DSGVO. Beim Auskunftsrecht und beim L\u00f6schungsrecht gelten die Einschr\u00e4nkungen nach \u00a7\u00a7 34 und 35 BDSG. Dar\u00fcber hinaus besteht ein Beschwerderecht bei einer Datenschutzaufsichtsbeh\u00f6rde, Art. 77 DSGVO i.V.m. \u00a7 19 BDSG.<\/p>\n<p><strong>Hinweis auf das Bestehen eines Beschwerderechts bei einer Aufsichtsbeh\u00f6rde:<\/strong><br \/>\nDie f\u00fcr die Chr. Staub Baugesellschaft mbH zust\u00e4ndige Datenschutzaufsichtsbeh\u00f6rde ist:<br \/>\nDie Landesbeauftragte f\u00fcr den Datenschutz Niedersachsen<br \/>\nPrinzenstra\u00dfe 5<br \/>\n30159 Hannover<br \/>\nTelefon: +49 511 120-4500<br \/>\nTelefax: +49 511 120-4599<br \/>\nE-Mail: poststelle@lfd.niedersachsen.de<\/p>\n<p><strong>Kontaktm\u00f6glichkeit:<\/strong><br \/>\nWir bieten Ihnen auf unserer Seite die M\u00f6glichkeit, mit uns in Verbindung zu treten. In diesem Fall werden die vom Nutzer gemachten Angaben zum Zwecke der Bearbeitung seiner Kontaktaufnahme gespeichert. Eine Weitergabe an Dritte erfolgt nicht. Ein Abgleich der so erhobenen Daten mit Daten, die m\u00f6glicherweise durch andere Komponenten unserer Seite erhoben werden, erfolgt ebenfalls nicht.<\/p>\n<p><strong>Kontaktformular:<\/strong><br \/>\nWenn Sie zu uns per Kontaktformular Kontakt aufnehmen, werden Ihre Angaben aus dem Anfrageformular zur Bearbeitung der Anfrage und f\u00fcr den Fall von Anschlussfragen bei uns gespeichert. Diese Daten geben wir nicht ohne Ihre Einwilligung weiter.<\/p>\n<p><strong>SSL- bzw. TLS-Verschl\u00fcsselung<br \/>\n<\/strong>Diese Seite nutzt aus Sicherheitsgr\u00fcnden und zum Schutz der \u00dcbertragung vertraulicher Inhalte, wie zum Beispiel Bestellungen oder Anfragen, die Sie an uns als Seitenbetreiber senden, eine SSL-bzw. TLS-Verschl\u00fcsselung. Eine verschl\u00fcsselte Verbindung erkennen Sie daran, dass die Adresszeile des Browsers von \u201chttp:\/\/\u201d auf \u201chttps:\/\/\u201d wechselt und an dem Schloss-Symbol in Ihrer Browserzeile.<br \/>\nWenn die SSL- bzw. TLS-Verschl\u00fcsselung aktiviert ist, k\u00f6nnen die Daten, die Sie an uns \u00fcbermitteln, nicht von Dritten mitgelesen werden.<\/p>\n<p><strong>Server-Log-Daten:<\/strong><br \/>\nDer Provider unserer Seiten erhebt und speichert automatisch Informationen in so genannten Server-Log-Dateien, die Ihr Browser automatisch an uns u\u0308bermittelt. Dies sind:<br \/>\n\u2013 Browsertyp und Browserversion verwendetes Betriebssystem<br \/>\n\u2013 Referrer URL<br \/>\n\u2013 Hostname des zugreifenden Rechners Uhrzeit der Serveranfrage<br \/>\n\u2013 IP-Adresse<br \/>\nEine Zusammenfu\u0308hrung dieser Daten mit anderen Datenquellen wird nicht vorgenommen.<br \/>\nGrundlage fu\u0308r die Datenverarbeitung ist Art. 6 Abs. 1 lit. f DSGVO, der die Verarbeitung von Daten zur Erfu\u0308llung eines Vertrags oder vorvertraglicher Ma\u00dfnahmen gestattet.<\/p>\n<\/div><\/div><\/div><\/div><\/div><\/div><\/section>\n","protected":false},"excerpt":{"rendered":"DatenschutzHinweis zur verantwortlichen Stelle: Die verantwortliche Stelle fu\u0308r die Datenverarbeitung auf dieser Website ist: Dipl. Ing. (FH) EWE Christian Staub Chr. Staub Baugesellschaft mbH Emsweg 1 49090 Osnabr\u00fcck (D) Tel.: 0541-580 589-0 Fax.: 0541-580 589-110 E-Mail: info@die-sanierung.com Grundsatz: Wir nehmen den Schutz Ihrer pers\u00f6nlichen Daten sehr ernst und behandeln Ihre personenbezogenen Daten vertraulich und entsprechend...","protected":false},"author":1,"featured_media":0,"parent":0,"menu_order":0,"comment_status":"closed","ping_status":"closed","template":"","meta":{"footnotes":""},"class_list":["post-3","page","type-page","status-publish","hentry"],"yoast_head":"<!-- This site is optimized with the Yoast SEO plugin v23.9 - https:\/\/yoast.com\/wordpress\/plugins\/seo\/ -->\n<title>Die Sanierung - Chr. Staub Baugesellschaft<\/title>\n<meta name=\"description\" content=\"CHR. STAUB BAUGESELLSCHAFT \u2013 Ihr Partner f\u00fcr Sanierung, Umbau und Neubau. \u00b7 Wir l\u00f6sen anstehende Aufgaben flexibel, schlagkr\u00e4ftig und kompetent. \u00b7 Chr. Staub\" \/>\n<meta name=\"robots\" content=\"index, follow, max-snippet:-1, max-image-preview:large, max-video-preview:-1\" \/>\n<link rel=\"canonical\" href=\"https:\/\/www.die-sanierung.com\/diesanierung\/datenschutz\/\" \/>\n<meta property=\"og:locale\" content=\"de_DE\" \/>\n<meta property=\"og:type\" content=\"article\" \/>\n<meta property=\"og:title\" content=\"Die Sanierung - Chr. Staub Baugesellschaft\" \/>\n<meta property=\"og:description\" content=\"CHR. STAUB BAUGESELLSCHAFT \u2013 Ihr Partner f\u00fcr Sanierung, Umbau und Neubau. \u00b7 Wir l\u00f6sen anstehende Aufgaben flexibel, schlagkr\u00e4ftig und kompetent. \u00b7 Chr. Staub\" \/>\n<meta property=\"og:url\" content=\"https:\/\/www.die-sanierung.com\/diesanierung\/datenschutz\/\" \/>\n<meta property=\"og:site_name\" content=\"Die Sanierung\" \/>\n<meta property=\"article:modified_time\" content=\"2024-12-01T18:17:49+00:00\" \/>\n<meta name=\"twitter:card\" content=\"summary_large_image\" \/>\n<meta name=\"twitter:label1\" content=\"Gesch\u00e4tzte Lesezeit\" \/>\n\t<meta name=\"twitter:data1\" content=\"3 Minuten\" \/>\n<script type=\"application\/ld+json\" class=\"yoast-schema-graph\">{\"@context\":\"https:\/\/schema.org\",\"@graph\":[{\"@type\":\"WebPage\",\"@id\":\"https:\/\/www.die-sanierung.com\/diesanierung\/datenschutz\/\",\"url\":\"https:\/\/www.die-sanierung.com\/diesanierung\/datenschutz\/\",\"name\":\"Die Sanierung - Chr. Staub Baugesellschaft\",\"isPartOf\":{\"@id\":\"https:\/\/www.die-sanierung.com\/diesanierung\/#website\"},\"datePublished\":\"2024-03-11T18:10:39+00:00\",\"dateModified\":\"2024-12-01T18:17:49+00:00\",\"description\":\"CHR. STAUB BAUGESELLSCHAFT \u2013 Ihr Partner f\u00fcr Sanierung, Umbau und Neubau. \u00b7 Wir l\u00f6sen anstehende Aufgaben flexibel, schlagkr\u00e4ftig und kompetent. \u00b7 Chr. Staub\",\"breadcrumb\":{\"@id\":\"https:\/\/www.die-sanierung.com\/diesanierung\/datenschutz\/#breadcrumb\"},\"inLanguage\":\"de-DE\",\"potentialAction\":[{\"@type\":\"ReadAction\",\"target\":[\"https:\/\/www.die-sanierung.com\/diesanierung\/datenschutz\/\"]}]},{\"@type\":\"BreadcrumbList\",\"@id\":\"https:\/\/www.die-sanierung.com\/diesanierung\/datenschutz\/#breadcrumb\",\"itemListElement\":[{\"@type\":\"ListItem\",\"position\":1,\"name\":\"Startseite\",\"item\":\"https:\/\/www.die-sanierung.com\/diesanierung\/\"},{\"@type\":\"ListItem\",\"position\":2,\"name\":\"Datenschutz\"}]},{\"@type\":\"WebSite\",\"@id\":\"https:\/\/www.die-sanierung.com\/diesanierung\/#website\",\"url\":\"https:\/\/www.die-sanierung.com\/diesanierung\/\",\"name\":\"Chr. Staub Baugesellschaft\",\"description\":\"Ihr Partner f\u00fcr Sanierung, Umbau und Neubau.\",\"potentialAction\":[{\"@type\":\"SearchAction\",\"target\":{\"@type\":\"EntryPoint\",\"urlTemplate\":\"https:\/\/www.die-sanierung.com\/diesanierung\/?s={search_term_string}\"},\"query-input\":{\"@type\":\"PropertyValueSpecification\",\"valueRequired\":true,\"valueName\":\"search_term_string\"}}],\"inLanguage\":\"de-DE\"}]}<\/script>\n<!-- \/ Yoast SEO plugin. -->","yoast_head_json":{"title":"Die Sanierung - Chr. Staub Baugesellschaft","description":"CHR. STAUB BAUGESELLSCHAFT \u2013 Ihr Partner f\u00fcr Sanierung, Umbau und Neubau. \u00b7 Wir l\u00f6sen anstehende Aufgaben flexibel, schlagkr\u00e4ftig und kompetent. \u00b7 Chr. Staub","robots":{"index":"index","follow":"follow","max-snippet":"max-snippet:-1","max-image-preview":"max-image-preview:large","max-video-preview":"max-video-preview:-1"},"canonical":"https:\/\/www.die-sanierung.com\/diesanierung\/datenschutz\/","og_locale":"de_DE","og_type":"article","og_title":"Die Sanierung - Chr. Staub Baugesellschaft","og_description":"CHR. STAUB BAUGESELLSCHAFT \u2013 Ihr Partner f\u00fcr Sanierung, Umbau und Neubau. \u00b7 Wir l\u00f6sen anstehende Aufgaben flexibel, schlagkr\u00e4ftig und kompetent. \u00b7 Chr. Staub","og_url":"https:\/\/www.die-sanierung.com\/diesanierung\/datenschutz\/","og_site_name":"Die Sanierung","article_modified_time":"2024-12-01T18:17:49+00:00","twitter_card":"summary_large_image","twitter_misc":{"Gesch\u00e4tzte Lesezeit":"3 Minuten"},"schema":{"@context":"https:\/\/schema.org","@graph":[{"@type":"WebPage","@id":"https:\/\/www.die-sanierung.com\/diesanierung\/datenschutz\/","url":"https:\/\/www.die-sanierung.com\/diesanierung\/datenschutz\/","name":"Die Sanierung - Chr. Staub Baugesellschaft","isPartOf":{"@id":"https:\/\/www.die-sanierung.com\/diesanierung\/#website"},"datePublished":"2024-03-11T18:10:39+00:00","dateModified":"2024-12-01T18:17:49+00:00","description":"CHR. STAUB BAUGESELLSCHAFT \u2013 Ihr Partner f\u00fcr Sanierung, Umbau und Neubau. \u00b7 Wir l\u00f6sen anstehende Aufgaben flexibel, schlagkr\u00e4ftig und kompetent. \u00b7 Chr. Staub","breadcrumb":{"@id":"https:\/\/www.die-sanierung.com\/diesanierung\/datenschutz\/#breadcrumb"},"inLanguage":"de-DE","potentialAction":[{"@type":"ReadAction","target":["https:\/\/www.die-sanierung.com\/diesanierung\/datenschutz\/"]}]},{"@type":"BreadcrumbList","@id":"https:\/\/www.die-sanierung.com\/diesanierung\/datenschutz\/#breadcrumb","itemListElement":[{"@type":"ListItem","position":1,"name":"Startseite","item":"https:\/\/www.die-sanierung.com\/diesanierung\/"},{"@type":"ListItem","position":2,"name":"Datenschutz"}]},{"@type":"WebSite","@id":"https:\/\/www.die-sanierung.com\/diesanierung\/#website","url":"https:\/\/www.die-sanierung.com\/diesanierung\/","name":"Chr. Staub Baugesellschaft","description":"Ihr Partner f\u00fcr Sanierung, Umbau und Neubau.","potentialAction":[{"@type":"SearchAction","target":{"@type":"EntryPoint","urlTemplate":"https:\/\/www.die-sanierung.com\/diesanierung\/?s={search_term_string}"},"query-input":{"@type":"PropertyValueSpecification","valueRequired":true,"valueName":"search_term_string"}}],"inLanguage":"de-DE"}]}},"_links":{"self":[{"href":"https:\/\/www.die-sanierung.com\/diesanierung\/wp-json\/wp\/v2\/pages\/3"}],"collection":[{"href":"https:\/\/www.die-sanierung.com\/diesanierung\/wp-json\/wp\/v2\/pages"}],"about":[{"href":"https:\/\/www.die-sanierung.com\/diesanierung\/wp-json\/wp\/v2\/types\/page"}],"author":[{"embeddable":true,"href":"https:\/\/www.die-sanierung.com\/diesanierung\/wp-json\/wp\/v2\/users\/1"}],"replies":[{"embeddable":true,"href":"https:\/\/www.die-sanierung.com\/diesanierung\/wp-json\/wp\/v2\/comments?post=3"}],"version-history":[{"count":6,"href":"https:\/\/www.die-sanierung.com\/diesanierung\/wp-json\/wp\/v2\/pages\/3\/revisions"}],"predecessor-version":[{"id":3146,"href":"https:\/\/www.die-sanierung.com\/diesanierung\/wp-json\/wp\/v2\/pages\/3\/revisions\/3146"}],"wp:attachment":[{"href":"https:\/\/www.die-sanierung.com\/diesanierung\/wp-json\/wp\/v2\/media?parent=3"}],"curies":[{"name":"wp","href":"https:\/\/api.w.org\/{rel}","templated":true}]}}