{"id":2,"date":"2024-03-11T18:10:39","date_gmt":"2024-03-11T18:10:39","guid":{"rendered":"https:\/\/www.die-sanierung.com\/diesanierung\/?page_id=2"},"modified":"2024-11-27T15:52:24","modified_gmt":"2024-11-27T14:52:24","slug":"das-unternehmen","status":"publish","type":"page","link":"https:\/\/www.die-sanierung.com\/diesanierung\/das-unternehmen\/","title":{"rendered":"Das Unternehmen"},"content":{"rendered":"<section class=\"l-section wpb_row us_custom_4c77c721 height_medium\"><div class=\"l-section-h i-cf\"><div class=\"g-cols vc_row via_grid cols_3-1 laptops-cols_inherit tablets-cols_inherit mobiles-cols_1 valign_top type_default stacking_default\"><div class=\"wpb_column vc_column_container\"><div class=\"vc_column-inner\"><h1 class=\"w-post-elm post_title align_left entry-title color_link_inherit\">Das Unternehmen<\/h1><div class=\"wpb_text_column\"><div class=\"wpb_wrapper\"><h4>Die Chr. Staub Baugesellschaft mbH wurde am 01.05.1986 gegr\u00fcndet. In unserem Unternehmen sind 20 Mitarbeiter in allen Bereichen des Bauhauptgewerbes t\u00e4tig.<\/h4>\n<\/div><\/div><\/div><\/div><div class=\"wpb_column vc_column_container\"><div class=\"vc_column-inner\"><\/div><\/div><\/div><\/div><\/section><section class=\"l-section wpb_row us_custom_f3f68ac4 height_medium\"><div class=\"l-section-h i-cf\"><div class=\"g-cols vc_row via_grid cols_3-1 laptops-cols_inherit tablets-cols_inherit mobiles-cols_1 valign_top type_default stacking_default\"><div class=\"wpb_column vc_column_container\"><div class=\"vc_column-inner\"><div class=\"w-slider us_custom_f77c4fa6 style_none fit_scaledown\"><div class=\"w-slider-h\"><div class=\"royalSlider\"><div class=\"rsContent\"><a class=\"rsImg\" data-rsw=\"1024\" data-rsh=\"387\" href=\"https:\/\/www.die-sanierung.com\/diesanierung\/wp-content\/uploads\/2024\/04\/unternehmen_gebaude4-1024x387.jpg\"><span data-alt=\"\"><\/span><\/a><\/div><div class=\"rsContent\"><a class=\"rsImg\" data-rsw=\"1024\" data-rsh=\"387\" href=\"https:\/\/www.die-sanierung.com\/diesanierung\/wp-content\/uploads\/2024\/04\/unternehmen_gebaude3-1024x387.jpg\"><span data-alt=\"\"><\/span><\/a><\/div><div class=\"rsContent\"><a class=\"rsImg\" data-rsw=\"1024\" data-rsh=\"387\" href=\"https:\/\/www.die-sanierung.com\/diesanierung\/wp-content\/uploads\/2024\/04\/unternehmen_gebaude2-1024x387.jpg\"><span data-alt=\"\"><\/span><\/a><\/div><div class=\"rsContent\"><a class=\"rsImg\" data-rsw=\"1024\" data-rsh=\"387\" href=\"https:\/\/www.die-sanierung.com\/diesanierung\/wp-content\/uploads\/2024\/04\/unternehmen_gebaude1-1024x387.jpg\"><span data-alt=\"\"><\/span><\/a><\/div><\/div><img decoding=\"async\" src=\"https:\/\/www.die-sanierung.com\/diesanierung\/wp-content\/uploads\/2024\/04\/unternehmen_gebaude4-1024x387.jpg\" width=\"1024\" height=\"387\" alt loading=\"lazy\"><\/div><div class=\"w-slider-json\" onclick='return {&quot;autoScaleSlider&quot;:true,&quot;loop&quot;:true,&quot;fadeInLoadedSlide&quot;:false,&quot;slidesSpacing&quot;:0,&quot;imageScalePadding&quot;:0,&quot;numImagesToPreload&quot;:2,&quot;arrowsNav&quot;:false,&quot;arrowsNavAutoHide&quot;:false,&quot;transitionType&quot;:&quot;fade&quot;,&quot;transitionSpeed&quot;:250,&quot;block&quot;:{&quot;moveEffect&quot;:&quot;none&quot;,&quot;speed&quot;:300},&quot;thumbs&quot;:{&quot;fitInViewport&quot;:false},&quot;controlNavigation&quot;:&quot;none&quot;,&quot;autoplay&quot;:{&quot;enabled&quot;:true,&quot;pauseOnHover&quot;:false,&quot;delay&quot;:4000},&quot;imageScaleMode&quot;:&quot;fit-if-smaller&quot;,&quot;autoScaleSliderWidth&quot;:1024,&quot;autoScaleSliderHeight&quot;:387}'><\/div><\/div><div class=\"w-separator size_small\"><\/div><div class=\"g-cols wpb_row via_grid cols_3 laptops-cols_inherit tablets-cols_inherit mobiles-cols_1 valign_top type_default stacking_default\" style=\"--gap:1rem;\"><div class=\"wpb_column vc_column_container\"><div class=\"vc_column-inner\"><div class=\"w-actionbox us_custom_1f257949 color_primary controls_bottom\"><div class=\"w-actionbox-text\"><h6 class=\"w-actionbox-title\" style=\"font-size:max( 1rem, 1.5vw )\">Geschichte<\/h6><div class=\"w-actionbox-description\"><p>Die Chr. Staub Bauges. blickt auf eine erfolgreiche\u00a0 Unternehmensgeschichte zur\u00fcck. Einen \u00dcberblick von damals bis heute erhalten Sie hier.<\/p>\n<\/div><\/div><div class=\"w-actionbox-controls\"><a class=\"w-btn us-btn-style_4\" href=\"https:\/\/www.die-sanierung.com\/diesanierung\/das-unternehmen\/geschichte\/\"><span class=\"w-btn-label\">Weiter<\/span><\/a><\/div><\/div><\/div><\/div><div class=\"wpb_column vc_column_container\"><div class=\"vc_column-inner\"><div class=\"w-actionbox us_custom_1f257949 color_primary controls_bottom\"><div class=\"w-actionbox-text\"><h6 class=\"w-actionbox-title\" style=\"font-size:max( 1rem, 1.5vw )\">\u00dcber uns<\/h6><div class=\"w-actionbox-description\"><p>Unsere Mitarbeiter im Kurzportrait. Wer steckt hinter der Firma Chr. Staub? Wir stellen uns vor.<\/p>\n<\/div><\/div><div class=\"w-actionbox-controls\"><a class=\"w-btn us-btn-style_4\" href=\"https:\/\/www.die-sanierung.com\/diesanierung\/das-unternehmen\/ueber-uns\/\"><span class=\"w-btn-label\">Weiter<\/span><\/a><\/div><\/div><\/div><\/div><div class=\"wpb_column vc_column_container\"><div class=\"vc_column-inner\"><div class=\"w-actionbox us_custom_1f257949 color_primary controls_bottom\"><div class=\"w-actionbox-text\"><h6 class=\"w-actionbox-title\" style=\"font-size:max( 1rem, 1.5vw )\">Jobs<\/h6><div class=\"w-actionbox-description\"><p>Wir suchen Verst\u00e4rkung in unserem Team. Jobs &amp; Stellenangebote bei der Chr. Staub Baugesellschaft mbH.<\/p>\n<\/div><\/div><div class=\"w-actionbox-controls\"><a class=\"w-btn us-btn-style_4\" href=\"https:\/\/www.die-sanierung.com\/diesanierung\/jobs\/\"><span class=\"w-btn-label\">Weiter<\/span><\/a><\/div><\/div><\/div><\/div><\/div><\/div><\/div><div class=\"wpb_column vc_column_container\"><div class=\"vc_column-inner\"><div class=\"w-text us_custom_6964c3ff has_text_color icon_atright\"><a href=\"https:\/\/www.die-sanierung.com\/diesanierung\/das-unternehmen\/ueber-uns\/\" class=\"w-text-h\"><span class=\"w-text-value\">\u00dcber uns<\/span><i class=\"fas fa-arrow-right\"><\/i><\/a><\/div><div class=\"w-separator size_small\"><\/div><div class=\"w-text us_custom_6964c3ff has_text_color icon_atright\"><a href=\"geschichte\" class=\"w-text-h\"><span class=\"w-text-value\">Geschichte<\/span><i class=\"fas fa-arrow-right\"><\/i><\/a><\/div><div class=\"w-separator size_small\"><\/div><div class=\"w-text us_custom_6964c3ff has_text_color icon_atright\"><a href=\"jobs\" class=\"w-text-h\"><span class=\"w-text-value\">Jobs<\/span><i class=\"fas fa-arrow-right\"><\/i><\/a><\/div><\/div><\/div><\/div><\/div><\/section>\n","protected":false},"excerpt":{"rendered":"Das UnternehmenDie Chr. Staub Baugesellschaft mbH wurde am 01.05.1986 gegr\u00fcndet. In unserem Unternehmen sind 20 Mitarbeiter in allen Bereichen des Bauhauptgewerbes t\u00e4tig. GeschichteDie Chr. Staub Bauges. blickt auf eine erfolgreiche\u00a0 Unternehmensgeschichte zur\u00fcck. Einen \u00dcberblick von damals bis heute erhalten Sie hier. Weiter\u00dcber unsUnsere Mitarbeiter im Kurzportrait. Wer steckt hinter der Firma Chr. Staub? Wir stellen...","protected":false},"author":1,"featured_media":0,"parent":0,"menu_order":0,"comment_status":"closed","ping_status":"open","template":"","meta":{"footnotes":""},"class_list":["post-2","page","type-page","status-publish","hentry"],"yoast_head":"<!-- This site is optimized with the Yoast SEO plugin v23.9 - https:\/\/yoast.com\/wordpress\/plugins\/seo\/ -->\n<title>Die Sanierung - Chr. Staub Baugesellschaft<\/title>\n<meta name=\"description\" content=\"CHR. STAUB BAUGESELLSCHAFT \u2013 Ihr Partner f\u00fcr Sanierung, Umbau und Neubau. \u00b7 Wir l\u00f6sen anstehende Aufgaben flexibel, schlagkr\u00e4ftig und kompetent. \u00b7 Chr. Staub\" \/>\n<meta name=\"robots\" content=\"index, follow, max-snippet:-1, max-image-preview:large, max-video-preview:-1\" \/>\n<link rel=\"canonical\" href=\"https:\/\/www.die-sanierung.com\/diesanierung\/das-unternehmen\/\" \/>\n<meta property=\"og:locale\" content=\"de_DE\" \/>\n<meta property=\"og:type\" content=\"article\" \/>\n<meta property=\"og:title\" content=\"Die Sanierung - Chr. Staub Baugesellschaft\" \/>\n<meta property=\"og:description\" content=\"CHR. STAUB BAUGESELLSCHAFT \u2013 Ihr Partner f\u00fcr Sanierung, Umbau und Neubau. \u00b7 Wir l\u00f6sen anstehende Aufgaben flexibel, schlagkr\u00e4ftig und kompetent. \u00b7 Chr. Staub\" \/>\n<meta property=\"og:url\" content=\"https:\/\/www.die-sanierung.com\/diesanierung\/das-unternehmen\/\" \/>\n<meta property=\"og:site_name\" content=\"Die Sanierung\" \/>\n<meta property=\"article:modified_time\" content=\"2024-11-27T14:52:24+00:00\" \/>\n<meta name=\"twitter:card\" content=\"summary_large_image\" \/>\n<meta name=\"twitter:label1\" content=\"Gesch\u00e4tzte Lesezeit\" \/>\n\t<meta name=\"twitter:data1\" content=\"3 Minuten\" \/>\n<script type=\"application\/ld+json\" class=\"yoast-schema-graph\">{\"@context\":\"https:\/\/schema.org\",\"@graph\":[{\"@type\":\"WebPage\",\"@id\":\"https:\/\/www.die-sanierung.com\/diesanierung\/das-unternehmen\/\",\"url\":\"https:\/\/www.die-sanierung.com\/diesanierung\/das-unternehmen\/\",\"name\":\"Die Sanierung - Chr. Staub Baugesellschaft\",\"isPartOf\":{\"@id\":\"https:\/\/www.die-sanierung.com\/diesanierung\/#website\"},\"datePublished\":\"2024-03-11T18:10:39+00:00\",\"dateModified\":\"2024-11-27T14:52:24+00:00\",\"description\":\"CHR. STAUB BAUGESELLSCHAFT \u2013 Ihr Partner f\u00fcr Sanierung, Umbau und Neubau. \u00b7 Wir l\u00f6sen anstehende Aufgaben flexibel, schlagkr\u00e4ftig und kompetent. \u00b7 Chr. Staub\",\"breadcrumb\":{\"@id\":\"https:\/\/www.die-sanierung.com\/diesanierung\/das-unternehmen\/#breadcrumb\"},\"inLanguage\":\"de-DE\",\"potentialAction\":[{\"@type\":\"ReadAction\",\"target\":[\"https:\/\/www.die-sanierung.com\/diesanierung\/das-unternehmen\/\"]}]},{\"@type\":\"BreadcrumbList\",\"@id\":\"https:\/\/www.die-sanierung.com\/diesanierung\/das-unternehmen\/#breadcrumb\",\"itemListElement\":[{\"@type\":\"ListItem\",\"position\":1,\"name\":\"Startseite\",\"item\":\"https:\/\/www.die-sanierung.com\/diesanierung\/\"},{\"@type\":\"ListItem\",\"position\":2,\"name\":\"Das Unternehmen\"}]},{\"@type\":\"WebSite\",\"@id\":\"https:\/\/www.die-sanierung.com\/diesanierung\/#website\",\"url\":\"https:\/\/www.die-sanierung.com\/diesanierung\/\",\"name\":\"Chr. Staub Baugesellschaft\",\"description\":\"Ihr Partner f\u00fcr Sanierung, Umbau und Neubau.\",\"potentialAction\":[{\"@type\":\"SearchAction\",\"target\":{\"@type\":\"EntryPoint\",\"urlTemplate\":\"https:\/\/www.die-sanierung.com\/diesanierung\/?s={search_term_string}\"},\"query-input\":{\"@type\":\"PropertyValueSpecification\",\"valueRequired\":true,\"valueName\":\"search_term_string\"}}],\"inLanguage\":\"de-DE\"}]}<\/script>\n<!-- \/ Yoast SEO plugin. -->","yoast_head_json":{"title":"Die Sanierung - Chr. Staub Baugesellschaft","description":"CHR. STAUB BAUGESELLSCHAFT \u2013 Ihr Partner f\u00fcr Sanierung, Umbau und Neubau. \u00b7 Wir l\u00f6sen anstehende Aufgaben flexibel, schlagkr\u00e4ftig und kompetent. \u00b7 Chr. Staub","robots":{"index":"index","follow":"follow","max-snippet":"max-snippet:-1","max-image-preview":"max-image-preview:large","max-video-preview":"max-video-preview:-1"},"canonical":"https:\/\/www.die-sanierung.com\/diesanierung\/das-unternehmen\/","og_locale":"de_DE","og_type":"article","og_title":"Die Sanierung - Chr. Staub Baugesellschaft","og_description":"CHR. STAUB BAUGESELLSCHAFT \u2013 Ihr Partner f\u00fcr Sanierung, Umbau und Neubau. \u00b7 Wir l\u00f6sen anstehende Aufgaben flexibel, schlagkr\u00e4ftig und kompetent. \u00b7 Chr. Staub","og_url":"https:\/\/www.die-sanierung.com\/diesanierung\/das-unternehmen\/","og_site_name":"Die Sanierung","article_modified_time":"2024-11-27T14:52:24+00:00","twitter_card":"summary_large_image","twitter_misc":{"Gesch\u00e4tzte Lesezeit":"3 Minuten"},"schema":{"@context":"https:\/\/schema.org","@graph":[{"@type":"WebPage","@id":"https:\/\/www.die-sanierung.com\/diesanierung\/das-unternehmen\/","url":"https:\/\/www.die-sanierung.com\/diesanierung\/das-unternehmen\/","name":"Die Sanierung - Chr. Staub Baugesellschaft","isPartOf":{"@id":"https:\/\/www.die-sanierung.com\/diesanierung\/#website"},"datePublished":"2024-03-11T18:10:39+00:00","dateModified":"2024-11-27T14:52:24+00:00","description":"CHR. STAUB BAUGESELLSCHAFT \u2013 Ihr Partner f\u00fcr Sanierung, Umbau und Neubau. \u00b7 Wir l\u00f6sen anstehende Aufgaben flexibel, schlagkr\u00e4ftig und kompetent. \u00b7 Chr. Staub","breadcrumb":{"@id":"https:\/\/www.die-sanierung.com\/diesanierung\/das-unternehmen\/#breadcrumb"},"inLanguage":"de-DE","potentialAction":[{"@type":"ReadAction","target":["https:\/\/www.die-sanierung.com\/diesanierung\/das-unternehmen\/"]}]},{"@type":"BreadcrumbList","@id":"https:\/\/www.die-sanierung.com\/diesanierung\/das-unternehmen\/#breadcrumb","itemListElement":[{"@type":"ListItem","position":1,"name":"Startseite","item":"https:\/\/www.die-sanierung.com\/diesanierung\/"},{"@type":"ListItem","position":2,"name":"Das Unternehmen"}]},{"@type":"WebSite","@id":"https:\/\/www.die-sanierung.com\/diesanierung\/#website","url":"https:\/\/www.die-sanierung.com\/diesanierung\/","name":"Chr. Staub Baugesellschaft","description":"Ihr Partner f\u00fcr Sanierung, Umbau und Neubau.","potentialAction":[{"@type":"SearchAction","target":{"@type":"EntryPoint","urlTemplate":"https:\/\/www.die-sanierung.com\/diesanierung\/?s={search_term_string}"},"query-input":{"@type":"PropertyValueSpecification","valueRequired":true,"valueName":"search_term_string"}}],"inLanguage":"de-DE"}]}},"_links":{"self":[{"href":"https:\/\/www.die-sanierung.com\/diesanierung\/wp-json\/wp\/v2\/pages\/2"}],"collection":[{"href":"https:\/\/www.die-sanierung.com\/diesanierung\/wp-json\/wp\/v2\/pages"}],"about":[{"href":"https:\/\/www.die-sanierung.com\/diesanierung\/wp-json\/wp\/v2\/types\/page"}],"author":[{"embeddable":true,"href":"https:\/\/www.die-sanierung.com\/diesanierung\/wp-json\/wp\/v2\/users\/1"}],"replies":[{"embeddable":true,"href":"https:\/\/www.die-sanierung.com\/diesanierung\/wp-json\/wp\/v2\/comments?post=2"}],"version-history":[{"count":42,"href":"https:\/\/www.die-sanierung.com\/diesanierung\/wp-json\/wp\/v2\/pages\/2\/revisions"}],"predecessor-version":[{"id":3103,"href":"https:\/\/www.die-sanierung.com\/diesanierung\/wp-json\/wp\/v2\/pages\/2\/revisions\/3103"}],"wp:attachment":[{"href":"https:\/\/www.die-sanierung.com\/diesanierung\/wp-json\/wp\/v2\/media?parent=2"}],"curies":[{"name":"wp","href":"https:\/\/api.w.org\/{rel}","templated":true}]}}