{"id":1768,"date":"2024-04-09T11:12:54","date_gmt":"2024-04-09T11:12:54","guid":{"rendered":"https:\/\/www.die-sanierung.com\/diesanierung\/?page_id=1768"},"modified":"2025-02-26T11:23:17","modified_gmt":"2025-02-26T10:23:17","slug":"kontakt","status":"publish","type":"page","link":"https:\/\/www.die-sanierung.com\/diesanierung\/kontakt\/","title":{"rendered":"Kontakt"},"content":{"rendered":"<section class=\"l-section wpb_row height_large\"><div class=\"l-section-h i-cf\"><div class=\"g-cols vc_row via_grid cols_1 laptops-cols_inherit tablets-cols_inherit mobiles-cols_1 valign_top type_default stacking_default\" style=\"--gap:6rem;\"><div class=\"wpb_column vc_column_container\"><div class=\"vc_column-inner\"><div class=\"g-cols wpb_row via_grid cols_1 laptops-cols_inherit tablets-cols_inherit mobiles-cols_1 valign_top type_default stacking_default\" style=\"--gap:3rem;\"><div class=\"wpb_column vc_column_container\"><div class=\"vc_column-inner\"><h1 class=\"w-post-elm post_title align_left entry-title color_link_inherit\">Kontakt<\/h1><div class=\"w-separator size_medium\"><\/div><div class=\"w-map provider_osm\" id=\"us_map_1\"><div class=\"w-map-inner\"><div class=\"w-map-json\" onclick='return {&quot;address&quot;:&quot;52.301834, 8.027511&quot;,&quot;disableDragging&quot;:0,&quot;disableZoom&quot;:0,&quot;hideControls&quot;:0,&quot;zoom&quot;:14,&quot;markers&quot;:[{&quot;address&quot;:&quot;52.301834, 8.027511&quot;,&quot;html&quot;:&quot;&lt;h6&gt;CHR. STAUB BAUGESELLSCHAFT MBH&lt;\\\/h6&gt;&lt;p&gt;Emsweg 1, 49090 Osnabr\\u00fcck&lt;\\\/p&gt;&quot;,&quot;infowindow&quot;:&quot;1&quot;}],&quot;icon&quot;:{&quot;url&quot;:&quot;https:\\\/\\\/www.die-sanierung.com\\\/diesanierung\\\/wp-content\\\/uploads\\\/2024\\\/06\\\/pan1.png&quot;,&quot;size&quot;:[70,70]},&quot;style&quot;:&quot;https:\\\/\\\/{s}.tile.openstreetmap.org\\\/{z}\\\/{x}\\\/{y}.png&quot;}'><\/div><\/div><\/div><div class=\"w-separator size_medium\"><\/div><\/div><\/div><\/div><div class=\"wpb_text_column\" id=\"kontaktform\"><div class=\"wpb_wrapper\"><h3>Nehmen Sie Kontakt mit uns auf.<\/h3>\n<p>Haben Sie Fragen zu unserem Unternehmen oder unseren Projekten?<br \/>\nW\u00fcnschen Sie ein Angebot oder haben Sie sonstige Fragen?<br \/>\nKontaktieren Sie uns gerne per Online-Formular:<\/p>\n<\/div><\/div><div class=\"w-separator size_small\"><\/div><div class=\"g-cols wpb_row via_grid cols_1 laptops-cols_inherit tablets-cols_inherit mobiles-cols_1 valign_top type_default stacking_default\" style=\"--gap:3rem;\"><div class=\"wpb_column vc_column_container\"><div class=\"vc_column-inner\"><form class=\"w-form  layout_ver for_cform us_form_1\" autocomplete=\"off\" action=\"https:\/\/www.die-sanierung.com\/diesanierung\/diesanierung\/wp-json\/wp\/v2\/pages\/1768\" method=\"post\"><div class=\"w-form-h\"><div class=\"w-form-row for_text required\">\r\n\t\t<div class=\"w-form-row-field\">\r\n\t\t\t\t\t\t<input aria-label=\"Ihr Name\" type=\"text\" name=\"us_form_1_text_1\" value placeholder=\"Ihr Name *\" data-required=\"true\" aria-required=\"true\"\/>\r\n\t\t\t<\/div>\r\n\t\t<div class=\"w-form-row-state\">Bitte f\u00fcllen Sie dieses Feld aus.<\/div>\r\n<\/div>\r\n<div class=\"w-form-row for_email required\">\r\n\t\t<div class=\"w-form-row-field\">\r\n\t\t\t\t\t\t<input aria-label=\"Ihre E-Mail-Adresse\" type=\"email\" name=\"us_form_1_email_1\" value placeholder=\"Ihre E-Mail-Adresse *\" data-required=\"true\" aria-required=\"true\"\/>\r\n\t\t\t<\/div>\r\n\t\t<div class=\"w-form-row-state\">Bitte gib eine g\u00fcltige E-Mail-Adresse ein.<\/div>\r\n<\/div>\r\n<div class=\"w-form-row for_textarea\">\r\n\t\t<div class=\"w-form-row-field\">\r\n\t\t\t\t\t\t<textarea aria-label=\"Ihre Nachricht\" name=\"us_form_1_textarea_1\" placeholder=\"Ihre Nachricht\"><\/textarea>\r\n\t\t\t<\/div>\r\n\t\t<div class=\"w-form-row-state\">Bitte f\u00fcllen Sie dieses Feld aus.<\/div>\r\n<\/div>\r\n<div class=\"w-form-row for_agreement required\">\r\n\t\t<div class=\"w-form-row-field\">\r\n\t\t\t\t<label>\r\n\t\t\t<input type=\"checkbox\" value=\"1\" data-required=\"true\" aria-required=\"true\" name=\"us_form_1_agreement_1\"\/>\r\n\t\t\t<span><\/span>\r\n\t\t<\/label>\r\n\t\t\t<\/div>\r\n\t\t\t<div class=\"w-form-row-description\">\r\n\t\t\tIch willige darin ein, dass die von mir \u00fcberreichten Informationen und Kontaktdaten dazu verwendet um mit mir anl\u00e4sslich meiner Kontaktaufnahme in Verbindung zu treten, hier\u00fcber zu kommunizieren und meine Anfrage abzuwickeln. Dies gilt insbesondere f\u00fcr die Verwendung der E-Mail-Adresse zum vorgenannten Zweck.\t\t<\/div>\r\n\t\t<div class=\"w-form-row-state\">Sie m\u00fcssen den Bedingungen zustimmen, um fortzufahren.<\/div>\r\n<\/div>\r\n<input type=\"hidden\" name=\"action\" value=\"us_ajax_cform\" \/>\r\n<input type=\"hidden\" name=\"post_id\" value=\"0\" \/>\r\n<input type=\"hidden\" name=\"form_index\" value=\"1\" \/>\r\n<div class=\"w-form-row for_submit align_none\">\r\n\t<button class=\"w-btn  us-btn-style_1\" aria-label=\"Senden\" type=\"submit\">\r\n\t\t<span class=\"g-preloader type_1\"><\/span>\r\n\t\t\t\t<span class=\"w-btn-label\">Senden<\/span>\r\n\t\t\t<\/button>\r\n\t<\/div>\r\n<\/div><div class=\"w-form-message\"><\/div><div class=\"w-form-json hidden\" onclick='return {&quot;ajaxurl&quot;:&quot;https:\\\/\\\/www.die-sanierung.com\\\/diesanierung\\\/wp-admin\\\/admin-ajax.php&quot;,&quot;messages&quot;:{&quot;err_empty&quot;:&quot;Bitte f\\u00fcllen Sie dieses Feld aus.&quot;,&quot;err_size&quot;:&quot;Die Dateigr\\u00f6\\u00dfe darf %s MB nicht \\u00fcberschreiten&quot;,&quot;err_extension&quot;:&quot;Dateityp %s ist nicht zul\\u00e4ssig&quot;}}'><\/div><\/form><\/div><\/div><\/div><\/div><\/div><\/div><\/div><\/section>\n","protected":false},"excerpt":{"rendered":"KontaktNehmen Sie Kontakt mit uns auf. Haben Sie Fragen zu unserem Unternehmen oder unseren Projekten? W\u00fcnschen Sie ein Angebot oder haben Sie sonstige Fragen? Kontaktieren Sie uns gerne per Online-Formular: Bitte f\u00fcllen Sie dieses Feld aus. Bitte gib eine g\u00fcltige E-Mail-Adresse ein. Bitte f\u00fcllen Sie dieses Feld aus. Ich willige darin ein, dass die von...","protected":false},"author":1,"featured_media":0,"parent":0,"menu_order":0,"comment_status":"closed","ping_status":"closed","template":"","meta":{"footnotes":""},"class_list":["post-1768","page","type-page","status-publish","hentry"],"yoast_head":"<!-- This site is optimized with the Yoast SEO plugin v23.9 - https:\/\/yoast.com\/wordpress\/plugins\/seo\/ -->\n<title>Die Sanierung - Chr. Staub Baugesellschaft<\/title>\n<meta name=\"description\" content=\"CHR. STAUB BAUGESELLSCHAFT \u2013 Ihr Partner f\u00fcr Sanierung, Umbau und Neubau. \u00b7 Wir l\u00f6sen anstehende Aufgaben flexibel, schlagkr\u00e4ftig und kompetent. \u00b7 Chr. Staub\" \/>\n<meta name=\"robots\" content=\"index, follow, max-snippet:-1, max-image-preview:large, max-video-preview:-1\" \/>\n<link rel=\"canonical\" href=\"https:\/\/www.die-sanierung.com\/diesanierung\/kontakt\/\" \/>\n<meta property=\"og:locale\" content=\"de_DE\" \/>\n<meta property=\"og:type\" content=\"article\" \/>\n<meta property=\"og:title\" content=\"Die Sanierung - Chr. Staub Baugesellschaft\" \/>\n<meta property=\"og:description\" content=\"CHR. STAUB BAUGESELLSCHAFT \u2013 Ihr Partner f\u00fcr Sanierung, Umbau und Neubau. \u00b7 Wir l\u00f6sen anstehende Aufgaben flexibel, schlagkr\u00e4ftig und kompetent. \u00b7 Chr. Staub\" \/>\n<meta property=\"og:url\" content=\"https:\/\/www.die-sanierung.com\/diesanierung\/kontakt\/\" \/>\n<meta property=\"og:site_name\" content=\"Die Sanierung\" \/>\n<meta property=\"article:modified_time\" content=\"2025-02-26T10:23:17+00:00\" \/>\n<meta name=\"twitter:card\" content=\"summary_large_image\" \/>\n<meta name=\"twitter:label1\" content=\"Gesch\u00e4tzte Lesezeit\" \/>\n\t<meta name=\"twitter:data1\" content=\"1 Minute\" \/>\n<script type=\"application\/ld+json\" class=\"yoast-schema-graph\">{\"@context\":\"https:\/\/schema.org\",\"@graph\":[{\"@type\":\"WebPage\",\"@id\":\"https:\/\/www.die-sanierung.com\/diesanierung\/kontakt\/\",\"url\":\"https:\/\/www.die-sanierung.com\/diesanierung\/kontakt\/\",\"name\":\"Die Sanierung - Chr. Staub Baugesellschaft\",\"isPartOf\":{\"@id\":\"https:\/\/www.die-sanierung.com\/diesanierung\/#website\"},\"datePublished\":\"2024-04-09T11:12:54+00:00\",\"dateModified\":\"2025-02-26T10:23:17+00:00\",\"description\":\"CHR. STAUB BAUGESELLSCHAFT \u2013 Ihr Partner f\u00fcr Sanierung, Umbau und Neubau. \u00b7 Wir l\u00f6sen anstehende Aufgaben flexibel, schlagkr\u00e4ftig und kompetent. \u00b7 Chr. Staub\",\"breadcrumb\":{\"@id\":\"https:\/\/www.die-sanierung.com\/diesanierung\/kontakt\/#breadcrumb\"},\"inLanguage\":\"de-DE\",\"potentialAction\":[{\"@type\":\"ReadAction\",\"target\":[\"https:\/\/www.die-sanierung.com\/diesanierung\/kontakt\/\"]}]},{\"@type\":\"BreadcrumbList\",\"@id\":\"https:\/\/www.die-sanierung.com\/diesanierung\/kontakt\/#breadcrumb\",\"itemListElement\":[{\"@type\":\"ListItem\",\"position\":1,\"name\":\"Startseite\",\"item\":\"https:\/\/www.die-sanierung.com\/diesanierung\/\"},{\"@type\":\"ListItem\",\"position\":2,\"name\":\"Kontakt\"}]},{\"@type\":\"WebSite\",\"@id\":\"https:\/\/www.die-sanierung.com\/diesanierung\/#website\",\"url\":\"https:\/\/www.die-sanierung.com\/diesanierung\/\",\"name\":\"Chr. Staub Baugesellschaft\",\"description\":\"Ihr Partner f\u00fcr Sanierung, Umbau und Neubau.\",\"potentialAction\":[{\"@type\":\"SearchAction\",\"target\":{\"@type\":\"EntryPoint\",\"urlTemplate\":\"https:\/\/www.die-sanierung.com\/diesanierung\/?s={search_term_string}\"},\"query-input\":{\"@type\":\"PropertyValueSpecification\",\"valueRequired\":true,\"valueName\":\"search_term_string\"}}],\"inLanguage\":\"de-DE\"}]}<\/script>\n<!-- \/ Yoast SEO plugin. -->","yoast_head_json":{"title":"Die Sanierung - Chr. Staub Baugesellschaft","description":"CHR. STAUB BAUGESELLSCHAFT \u2013 Ihr Partner f\u00fcr Sanierung, Umbau und Neubau. \u00b7 Wir l\u00f6sen anstehende Aufgaben flexibel, schlagkr\u00e4ftig und kompetent. \u00b7 Chr. Staub","robots":{"index":"index","follow":"follow","max-snippet":"max-snippet:-1","max-image-preview":"max-image-preview:large","max-video-preview":"max-video-preview:-1"},"canonical":"https:\/\/www.die-sanierung.com\/diesanierung\/kontakt\/","og_locale":"de_DE","og_type":"article","og_title":"Die Sanierung - Chr. Staub Baugesellschaft","og_description":"CHR. STAUB BAUGESELLSCHAFT \u2013 Ihr Partner f\u00fcr Sanierung, Umbau und Neubau. \u00b7 Wir l\u00f6sen anstehende Aufgaben flexibel, schlagkr\u00e4ftig und kompetent. \u00b7 Chr. Staub","og_url":"https:\/\/www.die-sanierung.com\/diesanierung\/kontakt\/","og_site_name":"Die Sanierung","article_modified_time":"2025-02-26T10:23:17+00:00","twitter_card":"summary_large_image","twitter_misc":{"Gesch\u00e4tzte Lesezeit":"1 Minute"},"schema":{"@context":"https:\/\/schema.org","@graph":[{"@type":"WebPage","@id":"https:\/\/www.die-sanierung.com\/diesanierung\/kontakt\/","url":"https:\/\/www.die-sanierung.com\/diesanierung\/kontakt\/","name":"Die Sanierung - Chr. Staub Baugesellschaft","isPartOf":{"@id":"https:\/\/www.die-sanierung.com\/diesanierung\/#website"},"datePublished":"2024-04-09T11:12:54+00:00","dateModified":"2025-02-26T10:23:17+00:00","description":"CHR. STAUB BAUGESELLSCHAFT \u2013 Ihr Partner f\u00fcr Sanierung, Umbau und Neubau. \u00b7 Wir l\u00f6sen anstehende Aufgaben flexibel, schlagkr\u00e4ftig und kompetent. \u00b7 Chr. Staub","breadcrumb":{"@id":"https:\/\/www.die-sanierung.com\/diesanierung\/kontakt\/#breadcrumb"},"inLanguage":"de-DE","potentialAction":[{"@type":"ReadAction","target":["https:\/\/www.die-sanierung.com\/diesanierung\/kontakt\/"]}]},{"@type":"BreadcrumbList","@id":"https:\/\/www.die-sanierung.com\/diesanierung\/kontakt\/#breadcrumb","itemListElement":[{"@type":"ListItem","position":1,"name":"Startseite","item":"https:\/\/www.die-sanierung.com\/diesanierung\/"},{"@type":"ListItem","position":2,"name":"Kontakt"}]},{"@type":"WebSite","@id":"https:\/\/www.die-sanierung.com\/diesanierung\/#website","url":"https:\/\/www.die-sanierung.com\/diesanierung\/","name":"Chr. Staub Baugesellschaft","description":"Ihr Partner f\u00fcr Sanierung, Umbau und Neubau.","potentialAction":[{"@type":"SearchAction","target":{"@type":"EntryPoint","urlTemplate":"https:\/\/www.die-sanierung.com\/diesanierung\/?s={search_term_string}"},"query-input":{"@type":"PropertyValueSpecification","valueRequired":true,"valueName":"search_term_string"}}],"inLanguage":"de-DE"}]}},"_links":{"self":[{"href":"https:\/\/www.die-sanierung.com\/diesanierung\/wp-json\/wp\/v2\/pages\/1768"}],"collection":[{"href":"https:\/\/www.die-sanierung.com\/diesanierung\/wp-json\/wp\/v2\/pages"}],"about":[{"href":"https:\/\/www.die-sanierung.com\/diesanierung\/wp-json\/wp\/v2\/types\/page"}],"author":[{"embeddable":true,"href":"https:\/\/www.die-sanierung.com\/diesanierung\/wp-json\/wp\/v2\/users\/1"}],"replies":[{"embeddable":true,"href":"https:\/\/www.die-sanierung.com\/diesanierung\/wp-json\/wp\/v2\/comments?post=1768"}],"version-history":[{"count":23,"href":"https:\/\/www.die-sanierung.com\/diesanierung\/wp-json\/wp\/v2\/pages\/1768\/revisions"}],"predecessor-version":[{"id":3199,"href":"https:\/\/www.die-sanierung.com\/diesanierung\/wp-json\/wp\/v2\/pages\/1768\/revisions\/3199"}],"wp:attachment":[{"href":"https:\/\/www.die-sanierung.com\/diesanierung\/wp-json\/wp\/v2\/media?parent=1768"}],"curies":[{"name":"wp","href":"https:\/\/api.w.org\/{rel}","templated":true}]}}