{"id":1736,"date":"2024-04-08T15:03:56","date_gmt":"2024-04-08T15:03:56","guid":{"rendered":"https:\/\/www.die-sanierung.com\/diesanierung\/?page_id=1736"},"modified":"2024-11-27T15:53:54","modified_gmt":"2024-11-27T14:53:54","slug":"geschichte","status":"publish","type":"page","link":"https:\/\/www.die-sanierung.com\/diesanierung\/das-unternehmen\/geschichte\/","title":{"rendered":"Geschichte"},"content":{"rendered":"<section class=\"l-section wpb_row height_medium\"><div class=\"l-section-h i-cf\"><div class=\"g-cols vc_row via_grid cols_1 laptops-cols_inherit tablets-cols_inherit mobiles-cols_1 valign_top type_default stacking_default\"><div class=\"wpb_column vc_column_container\"><div class=\"vc_column-inner\"><h1 class=\"w-post-elm post_title align_left entry-title color_link_inherit\">Geschichte<\/h1><div class=\"wpb_text_column\"><div class=\"wpb_wrapper\"><p>Die Chr. Staub Baugesellschaft mbH wurde am 01.05.1986 gegr\u00fcndet. In unserem Unternehmen sind 20 Mitarbeiter in allen Bereichen des Bauhauptgewerbes t\u00e4tig.<\/p>\n<p>Neben der Spezialisierung als Fachunternehmen f\u00fcr Geb\u00e4udesanierung werden vom Einfamilienhaus bis hin zur Industriehalle s\u00e4mtliche Arbeiten ausgef\u00fchrt, auf Wunsch auch schl\u00fcsselfertig. Die Ausf\u00fchrung von Umbau-, Sanierungs- und Instandhaltungsma\u00dfnahmen fanden in den vergangenen Jahren immer gr\u00f6\u00dfere Bedeutung.<\/p>\n<p>Als fachkundiger und geschulter Handwerksbetrieb f\u00fcr energetische Geb\u00e4udesanierung f\u00fchren wir f\u00fcr Sie kostenlos und unverbindlich einen ersten Energie- Check in Ihrem Hause durch. Auf Wunsch erhalten Sie Informationsmaterial zur energetischen Haussanierung von der fachgerechten Planung \u00fcber F\u00f6rderprogramme des Bundes bis hin zur Umsetzung der Ma\u00dfnahme. Wir besch\u00e4ftigen einen ausgebildeten Geb\u00e4udeenergieberater des Handwerks. Weitere Informationenzu diesem Thema finden Sie hier: <b><a href=\"http:\/\/www.sanieren-profitieren.de\/\" target=\"_blank\" rel=\"noopener\">www.sanieren-profitieren.de<\/a><\/b><\/p>\n<p>Unsere Mitarbeiter werden fortlaufend geschult, so dass Mauerwerksinjektionen, Betonsanierungen, Impr\u00e4gnieren von Mauerwerk, Verpressarbeiten etc. durch die entsprechenden Kolonnen immer nach dem aktuellsten Wissensstand durchgef\u00fchrt werden k\u00f6nnen.<\/p>\n<\/div><\/div><\/div><\/div><\/div><\/div><\/section>\n","protected":false},"excerpt":{"rendered":"GeschichteDie Chr. Staub Baugesellschaft mbH wurde am 01.05.1986 gegr\u00fcndet. In unserem Unternehmen sind 20 Mitarbeiter in allen Bereichen des Bauhauptgewerbes t\u00e4tig. Neben der Spezialisierung als Fachunternehmen f\u00fcr Geb\u00e4udesanierung werden vom Einfamilienhaus bis hin zur Industriehalle s\u00e4mtliche Arbeiten ausgef\u00fchrt, auf Wunsch auch schl\u00fcsselfertig. Die Ausf\u00fchrung von Umbau-, Sanierungs- und Instandhaltungsma\u00dfnahmen fanden in den vergangenen Jahren immer...","protected":false},"author":1,"featured_media":0,"parent":2,"menu_order":0,"comment_status":"closed","ping_status":"closed","template":"","meta":{"footnotes":""},"class_list":["post-1736","page","type-page","status-publish","hentry"],"yoast_head":"<!-- This site is optimized with the Yoast SEO plugin v23.9 - https:\/\/yoast.com\/wordpress\/plugins\/seo\/ -->\n<title>Die Sanierung - Chr. Staub Baugesellschaft<\/title>\n<meta name=\"description\" content=\"CHR. STAUB BAUGESELLSCHAFT \u2013 Ihr Partner f\u00fcr Sanierung, Umbau und Neubau. \u00b7 Wir l\u00f6sen anstehende Aufgaben flexibel, schlagkr\u00e4ftig und kompetent. \u00b7 Chr. Staub\" \/>\n<meta name=\"robots\" content=\"index, follow, max-snippet:-1, max-image-preview:large, max-video-preview:-1\" \/>\n<link rel=\"canonical\" href=\"https:\/\/www.die-sanierung.com\/diesanierung\/das-unternehmen\/geschichte\/\" \/>\n<meta property=\"og:locale\" content=\"de_DE\" \/>\n<meta property=\"og:type\" content=\"article\" \/>\n<meta property=\"og:title\" content=\"Die Sanierung - Chr. Staub Baugesellschaft\" \/>\n<meta property=\"og:description\" content=\"CHR. STAUB BAUGESELLSCHAFT \u2013 Ihr Partner f\u00fcr Sanierung, Umbau und Neubau. \u00b7 Wir l\u00f6sen anstehende Aufgaben flexibel, schlagkr\u00e4ftig und kompetent. \u00b7 Chr. Staub\" \/>\n<meta property=\"og:url\" content=\"https:\/\/www.die-sanierung.com\/diesanierung\/das-unternehmen\/geschichte\/\" \/>\n<meta property=\"og:site_name\" content=\"Die Sanierung\" \/>\n<meta property=\"article:modified_time\" content=\"2024-11-27T14:53:54+00:00\" \/>\n<meta name=\"twitter:card\" content=\"summary_large_image\" \/>\n<meta name=\"twitter:label1\" content=\"Gesch\u00e4tzte Lesezeit\" \/>\n\t<meta name=\"twitter:data1\" content=\"1 Minute\" \/>\n<script type=\"application\/ld+json\" class=\"yoast-schema-graph\">{\"@context\":\"https:\/\/schema.org\",\"@graph\":[{\"@type\":\"WebPage\",\"@id\":\"https:\/\/www.die-sanierung.com\/diesanierung\/das-unternehmen\/geschichte\/\",\"url\":\"https:\/\/www.die-sanierung.com\/diesanierung\/das-unternehmen\/geschichte\/\",\"name\":\"Die Sanierung - Chr. Staub Baugesellschaft\",\"isPartOf\":{\"@id\":\"https:\/\/www.die-sanierung.com\/diesanierung\/#website\"},\"datePublished\":\"2024-04-08T15:03:56+00:00\",\"dateModified\":\"2024-11-27T14:53:54+00:00\",\"description\":\"CHR. STAUB BAUGESELLSCHAFT \u2013 Ihr Partner f\u00fcr Sanierung, Umbau und Neubau. \u00b7 Wir l\u00f6sen anstehende Aufgaben flexibel, schlagkr\u00e4ftig und kompetent. \u00b7 Chr. Staub\",\"breadcrumb\":{\"@id\":\"https:\/\/www.die-sanierung.com\/diesanierung\/das-unternehmen\/geschichte\/#breadcrumb\"},\"inLanguage\":\"de-DE\",\"potentialAction\":[{\"@type\":\"ReadAction\",\"target\":[\"https:\/\/www.die-sanierung.com\/diesanierung\/das-unternehmen\/geschichte\/\"]}]},{\"@type\":\"BreadcrumbList\",\"@id\":\"https:\/\/www.die-sanierung.com\/diesanierung\/das-unternehmen\/geschichte\/#breadcrumb\",\"itemListElement\":[{\"@type\":\"ListItem\",\"position\":1,\"name\":\"Startseite\",\"item\":\"https:\/\/www.die-sanierung.com\/diesanierung\/\"},{\"@type\":\"ListItem\",\"position\":2,\"name\":\"Das Unternehmen\",\"item\":\"https:\/\/www.die-sanierung.com\/diesanierung\/das-unternehmen\/\"},{\"@type\":\"ListItem\",\"position\":3,\"name\":\"Geschichte\"}]},{\"@type\":\"WebSite\",\"@id\":\"https:\/\/www.die-sanierung.com\/diesanierung\/#website\",\"url\":\"https:\/\/www.die-sanierung.com\/diesanierung\/\",\"name\":\"Chr. Staub Baugesellschaft\",\"description\":\"Ihr Partner f\u00fcr Sanierung, Umbau und Neubau.\",\"potentialAction\":[{\"@type\":\"SearchAction\",\"target\":{\"@type\":\"EntryPoint\",\"urlTemplate\":\"https:\/\/www.die-sanierung.com\/diesanierung\/?s={search_term_string}\"},\"query-input\":{\"@type\":\"PropertyValueSpecification\",\"valueRequired\":true,\"valueName\":\"search_term_string\"}}],\"inLanguage\":\"de-DE\"}]}<\/script>\n<!-- \/ Yoast SEO plugin. -->","yoast_head_json":{"title":"Die Sanierung - Chr. Staub Baugesellschaft","description":"CHR. STAUB BAUGESELLSCHAFT \u2013 Ihr Partner f\u00fcr Sanierung, Umbau und Neubau. \u00b7 Wir l\u00f6sen anstehende Aufgaben flexibel, schlagkr\u00e4ftig und kompetent. \u00b7 Chr. Staub","robots":{"index":"index","follow":"follow","max-snippet":"max-snippet:-1","max-image-preview":"max-image-preview:large","max-video-preview":"max-video-preview:-1"},"canonical":"https:\/\/www.die-sanierung.com\/diesanierung\/das-unternehmen\/geschichte\/","og_locale":"de_DE","og_type":"article","og_title":"Die Sanierung - Chr. Staub Baugesellschaft","og_description":"CHR. STAUB BAUGESELLSCHAFT \u2013 Ihr Partner f\u00fcr Sanierung, Umbau und Neubau. \u00b7 Wir l\u00f6sen anstehende Aufgaben flexibel, schlagkr\u00e4ftig und kompetent. \u00b7 Chr. Staub","og_url":"https:\/\/www.die-sanierung.com\/diesanierung\/das-unternehmen\/geschichte\/","og_site_name":"Die Sanierung","article_modified_time":"2024-11-27T14:53:54+00:00","twitter_card":"summary_large_image","twitter_misc":{"Gesch\u00e4tzte Lesezeit":"1 Minute"},"schema":{"@context":"https:\/\/schema.org","@graph":[{"@type":"WebPage","@id":"https:\/\/www.die-sanierung.com\/diesanierung\/das-unternehmen\/geschichte\/","url":"https:\/\/www.die-sanierung.com\/diesanierung\/das-unternehmen\/geschichte\/","name":"Die Sanierung - Chr. Staub Baugesellschaft","isPartOf":{"@id":"https:\/\/www.die-sanierung.com\/diesanierung\/#website"},"datePublished":"2024-04-08T15:03:56+00:00","dateModified":"2024-11-27T14:53:54+00:00","description":"CHR. STAUB BAUGESELLSCHAFT \u2013 Ihr Partner f\u00fcr Sanierung, Umbau und Neubau. \u00b7 Wir l\u00f6sen anstehende Aufgaben flexibel, schlagkr\u00e4ftig und kompetent. \u00b7 Chr. Staub","breadcrumb":{"@id":"https:\/\/www.die-sanierung.com\/diesanierung\/das-unternehmen\/geschichte\/#breadcrumb"},"inLanguage":"de-DE","potentialAction":[{"@type":"ReadAction","target":["https:\/\/www.die-sanierung.com\/diesanierung\/das-unternehmen\/geschichte\/"]}]},{"@type":"BreadcrumbList","@id":"https:\/\/www.die-sanierung.com\/diesanierung\/das-unternehmen\/geschichte\/#breadcrumb","itemListElement":[{"@type":"ListItem","position":1,"name":"Startseite","item":"https:\/\/www.die-sanierung.com\/diesanierung\/"},{"@type":"ListItem","position":2,"name":"Das Unternehmen","item":"https:\/\/www.die-sanierung.com\/diesanierung\/das-unternehmen\/"},{"@type":"ListItem","position":3,"name":"Geschichte"}]},{"@type":"WebSite","@id":"https:\/\/www.die-sanierung.com\/diesanierung\/#website","url":"https:\/\/www.die-sanierung.com\/diesanierung\/","name":"Chr. Staub Baugesellschaft","description":"Ihr Partner f\u00fcr Sanierung, Umbau und Neubau.","potentialAction":[{"@type":"SearchAction","target":{"@type":"EntryPoint","urlTemplate":"https:\/\/www.die-sanierung.com\/diesanierung\/?s={search_term_string}"},"query-input":{"@type":"PropertyValueSpecification","valueRequired":true,"valueName":"search_term_string"}}],"inLanguage":"de-DE"}]}},"_links":{"self":[{"href":"https:\/\/www.die-sanierung.com\/diesanierung\/wp-json\/wp\/v2\/pages\/1736"}],"collection":[{"href":"https:\/\/www.die-sanierung.com\/diesanierung\/wp-json\/wp\/v2\/pages"}],"about":[{"href":"https:\/\/www.die-sanierung.com\/diesanierung\/wp-json\/wp\/v2\/types\/page"}],"author":[{"embeddable":true,"href":"https:\/\/www.die-sanierung.com\/diesanierung\/wp-json\/wp\/v2\/users\/1"}],"replies":[{"embeddable":true,"href":"https:\/\/www.die-sanierung.com\/diesanierung\/wp-json\/wp\/v2\/comments?post=1736"}],"version-history":[{"count":3,"href":"https:\/\/www.die-sanierung.com\/diesanierung\/wp-json\/wp\/v2\/pages\/1736\/revisions"}],"predecessor-version":[{"id":2554,"href":"https:\/\/www.die-sanierung.com\/diesanierung\/wp-json\/wp\/v2\/pages\/1736\/revisions\/2554"}],"up":[{"embeddable":true,"href":"https:\/\/www.die-sanierung.com\/diesanierung\/wp-json\/wp\/v2\/pages\/2"}],"wp:attachment":[{"href":"https:\/\/www.die-sanierung.com\/diesanierung\/wp-json\/wp\/v2\/media?parent=1736"}],"curies":[{"name":"wp","href":"https:\/\/api.w.org\/{rel}","templated":true}]}}